{"id":678,"date":"2022-03-01T08:50:00","date_gmt":"2022-03-01T08:50:00","guid":{"rendered":"https:\/\/demo.creativethemes.com\/stagingtwo\/?page_id=678"},"modified":"2024-02-19T07:48:23","modified_gmt":"2024-02-19T07:48:23","slug":"puppies","status":"publish","type":"page","link":"https:\/\/bollbackaspoodles.com\/index.php\/puppies\/","title":{"rendered":"Puppies"},"content":{"rendered":"\n<div class=\"wp-block-stackable-columns alignfull stk-block-columns stk-block stk-cf247fd stk-block-background stk--has-background-overlay\" data-block-id=\"cf247fd\"><style>.stk-cf247fd{background-color:var(--theme-palette-color-4,#000000) !important;background-image:url(http:\/\/bollbackaspoodles.com\/wp-content\/uploads\/2023\/12\/IMG_3787.jpg) !important;padding-top:390px !important;padding-right:35px !important;padding-bottom:320px !important;padding-left:35px !important;margin-bottom:0px !important}.stk-cf247fd:before{background-color:var(--theme-palette-color-4,#000000) !important;opacity:0.6 !important}@media screen and (max-width:1023px){.stk-cf247fd{padding-top:290px !important;padding-bottom:250px !important}}@media screen and (max-width:767px){.stk-cf247fd{padding-top:220px !important;padding-right:18px !important;padding-bottom:180px !important;padding-left:18px !important}}<\/style><div class=\"stk-row stk-inner-blocks has-text-align-center stk-block-content stk-content-align stk-cf247fd-column\">\n<div class=\"wp-block-stackable-column stk-block-column stk-column stk-block stk-1d93b9f\" data-v=\"4\" data-block-id=\"1d93b9f\"><style>.stk-1d93b9f-container{margin-top:0px !important;margin-right:0px !important;margin-bottom:0px !important;margin-left:0px !important}<\/style><div class=\"stk-column-wrapper stk-block-column__content stk-container stk-1d93b9f-container stk--no-background stk--no-padding\"><div class=\"stk-block-content stk-inner-blocks stk-1d93b9f-inner-blocks\">\n\n\n\n<div class=\"wp-block-stackable-heading stk-block-heading stk-block-heading--v2 stk-block stk-436ce8b\" id=\"puppies\" data-block-id=\"436ce8b\"><style>.stk-436ce8b{margin-bottom:16px !important}.stk-436ce8b .stk-block-heading__text{font-size:100px !important;color:var(--theme-palette-color-8,#ffffff) !important;line-height:1.3em !important;font-weight:800 !important}@media screen and (max-width:1023px){.stk-436ce8b .stk-block-heading__text{font-size:70px !important}}@media screen and (max-width:767px){.stk-436ce8b .stk-block-heading__text{font-size:40px !important}}<\/style><h2 class=\"stk-block-heading__text has-text-color has-palette-color-8-color\">Puppies<\/h2><\/div>\n<\/div><\/div><\/div>\n<\/div><\/div>\n\n\n\n<div class=\"wp-block-stackable-spacer stk-block-spacer stk--no-padding stk-block stk-9014cde\" data-block-id=\"9014cde\"><style>.stk-9014cde{height:130px !important}@media screen and (max-width:1023px){.stk-9014cde{height:80px !important}}@media screen and (max-width:767px){.stk-9014cde{height:60px !important}}<\/style><\/div>\n\n\n\n<div class=\"wp-block-stackable-columns stk-block-columns stk-block stk-971085f stk-block-background\" data-block-id=\"971085f\"><style>.stk-971085f{background-color:var(--theme-palette-color-8,#ffffff) !important;background-position:center left !important;background-repeat:no-repeat !important;background-size:700px !important;box-shadow:0px 20px 80px 0px rgba(193,199,212,0.25) !important;padding-top:0px !important;padding-right:0px !important;padding-bottom:0px !important;padding-left:0px !important;margin-bottom:0px !important}.stk-971085f:before{background-color:var(--theme-palette-color-8,#ffffff) !important}@media screen and (max-width:1023px){.stk-971085f{background-position:top center !important;background-size:400px !important}}<\/style><div class=\"stk-row stk-inner-blocks stk-block-content stk-content-align stk-971085f-column\">\n<div class=\"wp-block-stackable-column stk-block-column stk-column stk-block stk-62839f9\" data-v=\"4\" data-block-id=\"62839f9\"><style>.stk-62839f9{margin-top:30px !important}<\/style><div class=\"stk-column-wrapper stk-block-column__content stk-container stk-62839f9-container stk--no-background stk--no-padding\"><div class=\"stk-block-content stk-inner-blocks stk-62839f9-inner-blocks\">\n<div class=\"wp-block-stackable-text stk-block-text stk-block stk-be9e3d1\" data-block-id=\"be9e3d1\"><p class=\"stk-block-text__text\"><strong>EN<\/strong><\/p><\/div>\n\n\n\n<div class=\"wp-block-stackable-text stk-block-text stk-block stk-c9200f9\" data-block-id=\"c9200f9\"><p class=\"stk-block-text__text\"><a href=\"https:\/\/bollbackaspoodles.com\/index.php\/services\/\" title=\"Our poodles\">Bella<\/a> is expecting her first litter in January 2024.<\/p><\/div>\n\n\n\n<div class=\"wp-block-stackable-text stk-block-text stk-block stk-0f7084b\" data-block-id=\"0f7084b\"><p class=\"stk-block-text__text\">We don&#8217;t accept reservations before the puppies are born, but we do conduct interviews with potential buyer candidates. Our goal is to ensure that each puppy is matched with the right people based on their unique personalities and needs. <\/p><\/div>\n\n\n\n<div class=\"wp-block-stackable-text stk-block-text stk-block stk-92f1750\" data-block-id=\"92f1750\"><p class=\"stk-block-text__text\">We value families who can provide engaging activities and hobbies for their poodle. Whether it&#8217;s agility, obedience training, or simply interactive playtime, these intelligent dogs require activity and mental stimulation to stay healthy and content.<\/p><\/div>\n\n\n\n<div class=\"wp-block-stackable-text stk-block-text stk-block stk-50602be\" data-block-id=\"50602be\"><p class=\"stk-block-text__text\">In addition, we appreciate families with schedules that allow for plenty of quality time with their dog, as miniature poodles thrive on companionship. Ideal homes are those where the dog won&#8217;t be left alone for extended periods.<\/p><\/div>\n\n\n\n<h2 class=\"wp-block-heading\">What&#8217;s included with our puppies? <\/h2>\n\n\n\n<p>Our puppies are born in our home and receive daily attention and socialization. They are in the process of learning outdoor potty training before they leave our care, ensuring a smooth transition to your home. Our puppies are used to grooming routines. We entrust them to their new families when they reach 8-10 weeks of age, having completed a comprehensive vet examination, microchip registration, first vaccination, and obtained a health certificate.<\/p>\n\n\n\n<p>What&#8217;s included in the price:<\/p>\n\n\n\n<ul>\n<li>Puppy registration with the Finnish Kennel Club<\/li>\n\n\n\n<li>Sales agreement using the official Finnish Kennel Club&#8217;s form<\/li>\n\n\n\n<li>Microchipping of the puppy<\/li>\n\n\n\n<li>Veterinary examination with a written health certificate<\/li>\n\n\n\n<li>Detailed feeding and care instructions<\/li>\n\n\n\n<li>Puppy package containing food, care supplies, etc.<\/li>\n\n\n\n<li>Regular grooming sessions (home-style haircut) for the puppy at the breeder&#8217;s home every 6-8 weeks until 6 months of age<\/li>\n\n\n\n<li>Lifetime support from the breeder<\/li>\n<\/ul>\n<\/div><\/div><\/div>\n\n\n\n<div class=\"wp-block-stackable-column stk-block-column stk-column stk-block stk-55cfb10\" data-v=\"4\" data-block-id=\"55cfb10\"><style>.stk-55cfb10{margin-top:30px !important}<\/style><div class=\"stk-column-wrapper stk-block-column__content stk-container stk-55cfb10-container stk--no-background stk--no-padding\"><div class=\"stk-block-content stk-inner-blocks stk-55cfb10-inner-blocks\">\n<div class=\"wp-block-stackable-text stk-block-text stk-block stk-6a614f8\" data-block-id=\"6a614f8\"><p class=\"stk-block-text__text\"><strong>FIN<\/strong><\/p><\/div>\n\n\n\n<div class=\"wp-block-stackable-text stk-block-text stk-block stk-1b5cc08\" data-block-id=\"1b5cc08\"><p class=\"stk-block-text__text\"><a href=\"https:\/\/bollbackaspoodles.com\/index.php\/services\/\" title=\"Our poodles\">Bella<\/a> odottaa parhaillaan ensimm\u00e4ist\u00e4 pentuettaan ja laskettu aika on tammikuussa 2024.<\/p><\/div>\n\n\n\n<p>Emme ota varauksia ennen pentujen syntym\u00e4\u00e4, mutta haastattelen potentiaalisia ostajaehdokkaita. Haluamme varmistaa, ett\u00e4 jokainen pentu saa mahdollisimman hyv\u00e4t ja juuri sille sopivat ihmiset.<\/p>\n\n\n\n<p>Arvostamme perheit\u00e4, jotka voivat tarjota villakoiralleen runsaasti aktiviteetteja. Olipa kyse sitten agilitysta, tottelevaisuuskoulutuksesta tai vain aktiivisesta kotitreenist\u00e4, n\u00e4m\u00e4 \u00e4lykk\u00e4\u00e4t koirat tarvitsevat haasteita ja \u00e4lypulmia.<\/p>\n\n\n\n<p>Lis\u00e4ksi arvostamme perheit\u00e4, joissa koira ei j\u00e4\u00e4 jatkuvasti yksin pitkiksi ajoiksi esimerkiksi omistajan pitk\u00e4n ty\u00f6p\u00e4iv\u00e4n takia. Villakoirat ovat hyvin ihmisrakkaita ja usein hellyydenkipeit\u00e4 koiria, jotka kaipaavat paljon seuraa.<\/p>\n\n\n\n<h2 class=\"wp-block-heading\">Mit\u00e4 pennun hintaan sis\u00e4ltyy?<\/h2>\n\n\n\n<p>Pentumme syntyv\u00e4t kotona ja niit\u00e4 k\u00e4sitell\u00e4\u00e4n ja sosiaalistetaan p\u00e4ivitt\u00e4in. Niille aletaan opettaa sis\u00e4siisteytt\u00e4 ennen kuin ne l\u00e4htev\u00e4t meilt\u00e4 uusiin koteihinsa. Pentumme ovat tottuneet hoitorutiineihin, kuten pesuun, f\u00f6\u00f6naamiseen ja kynsien leikkaamiseen. Luovutamme ne uusille perheille, kun ne ovat 8-10 viikon ik\u00e4isi\u00e4 ja niille on tehty kattava el\u00e4inl\u00e4\u00e4k\u00e4rintarkastus, mikrosirurekister\u00f6inti ja ensimm\u00e4inen rokotus.<\/p>\n\n\n\n<p>Hintaan sis\u00e4ltyy:<\/p>\n\n\n\n<ul>\n<li>Rekister\u00f6inti Suomen Kennelliittoon<\/li>\n\n\n\n<li>Myyntisopimus Suomen Kennelliiton virallisella lomakkeella<\/li>\n\n\n\n<li>Pentujen mikrosirutus<\/li>\n\n\n\n<li>El\u00e4inl\u00e4\u00e4k\u00e4rintarkastus kirjallisella terveystodistuksella<\/li>\n\n\n\n<li>Yksityiskohtaiset ruokinta- ja hoito-ohjeet<\/li>\n\n\n\n<li>Pentupaketti, joka sis\u00e4lt\u00e4\u00e4 ruokaa, hoitotarvikkeita jne.<\/li>\n\n\n\n<li>S\u00e4\u00e4nn\u00f6lliset trimmaukset (kotitrimmi) pennulle kasvattajan luona 6-8 viikon v\u00e4lein puolen vuoden ik\u00e4\u00e4n asti<\/li>\n\n\n\n<li>Kasvattajan elinik\u00e4inen tuki<\/li>\n<\/ul>\n<\/div><\/div><\/div>\n<\/div><\/div>\n\n\n\n<div class=\"wp-block-stackable-columns alignfull stk-block-columns stk-block stk-eacf56a stk-block-background stk--has-background-overlay\" data-block-id=\"eacf56a\"><style>.stk-eacf56a{background-color:transparent !important;background-image:url(https:\/\/bollbackaspoodles.com\/wp-content\/uploads\/2021\/07\/flower-decoration-1.svg) !important;background-position:center left !important;background-repeat:no-repeat !important;background-size:700px !important;padding-top:0px !important;padding-right:0px !important;padding-bottom:0px !important;padding-left:0px !important;margin-bottom:0px !important}.stk-eacf56a:before{background-color:transparent !important;opacity:0.5 !important}@media screen and (max-width:767px){.stk-eacf56a{background-position:top center !important;background-size:400px !important}}<\/style><div class=\"stk-row stk-inner-blocks stk-block-content stk-content-align stk-eacf56a-column\">\n<div class=\"wp-block-stackable-column stk-block-column stk-column stk-block stk-228b1fb\" data-v=\"4\" data-block-id=\"228b1fb\"><style>.stk-228b1fb-container{margin-top:0px !important;margin-right:0px !important;margin-bottom:0px !important;margin-left:0px !important}<\/style><div class=\"stk-column-wrapper stk-block-column__content stk-container stk-228b1fb-container stk--no-background stk--no-padding\"><div class=\"stk-block-content stk-inner-blocks stk-228b1fb-inner-blocks\">\n<div class=\"wp-block-stackable-spacer stk-block-spacer stk--no-padding stk-block stk-13f30b2\" data-block-id=\"13f30b2\"><style>.stk-13f30b2{height:130px !important}@media screen and (max-width:1023px){.stk-13f30b2{height:80px !important}}@media screen and (max-width:767px){.stk-13f30b2{height:60px !important}}<\/style><\/div>\n<\/div><\/div><\/div>\n<\/div><\/div>\n","protected":false},"excerpt":{"rendered":"<p>Puppies EN Bella is expecting her first litter in January 2024. We don&#8217;t accept reservations before the puppies are born, but we do conduct interviews with potential buyer candidates. Our goal is to ensure that each puppy is matched with the right people based on their unique personalities and needs. We value families who can [&hellip;]<\/p>\n","protected":false},"author":1,"featured_media":0,"parent":0,"menu_order":0,"comment_status":"closed","ping_status":"closed","template":"","meta":{"pgc_sgb_lightbox_settings":"","_themeisle_gutenberg_block_has_review":false,"footnotes":""},"blocksy_meta":{"styles_descriptor":{"styles":{"desktop":"","tablet":"","mobile":""},"google_fonts":[],"version":6},"page_title_panel":"","has_hero_section":"disabled","392b7e43ae598ff3c4847b936747b69f":"","hero_section":"type-1","hero_elements":[{"id":"custom_title","enabled":true,"heading_tag":"h1","title":"Home"},{"id":"custom_description","enabled":true,"description_visibility":{"desktop":true,"tablet":true,"mobile":false}},{"id":"custom_meta","enabled":false,"meta_elements":[{"id":"author","enabled":true,"label":"By","has_author_avatar":"yes","avatar_size":25},{"id":"post_date","enabled":true,"label":"On","date_format_source":"default","date_format":"M j, Y"},{"id":"updated_date","enabled":false,"label":"On","date_format_source":"default","date_format":"M j, Y"},{"id":"categories","enabled":false,"label":"In","style":"simple"},{"id":"comments","enabled":true}],"page_meta_elements":{"joined":true,"articles_count":true,"comments":true}},{"id":"breadcrumbs","enabled":false}],"943af5d9cf64e0729d58495d5a644ce8":"","hero_alignment1":"CT_CSS_SKIP_RULE","hero_margin":40,"hero_alignment2":"center","hero_vertical_alignment":"center","cf8c6ed215a8beaa32e91d6267e52593":"","hero_structure":"narrow","323f05bb0761330f7c4eeef2eb50c1d3":"","page_title_bg_type":"featured_image","custom_hero_background":{"attachment_id":null},"parallax":{"desktop":false,"tablet":false,"mobile":false},"2373d8dd70bebb8baa4dcd2b3914d3ff":"","hero_height":"250px","pageTitleFont":{"family":"Default","variation":"Default","size":"30px","line-height":"CT_CSS_SKIP_RULE","letter-spacing":"CT_CSS_SKIP_RULE","text-transform":"CT_CSS_SKIP_RULE","text-decoration":"CT_CSS_SKIP_RULE"},"pageTitleFontColor":{"default":{"color":"CT_CSS_SKIP_RULEDEFAULT"}},"pageMetaFont":{"family":"Default","variation":"n6","size":"12px","line-height":"1.3","letter-spacing":"CT_CSS_SKIP_RULE","text-transform":"uppercase","text-decoration":"CT_CSS_SKIP_RULE"},"pageMetaFontColor":{"default":{"color":"CT_CSS_SKIP_RULEDEFAULT"},"hover":{"color":"CT_CSS_SKIP_RULEDEFAULT"}},"page_meta_button_type_font_colors":{"default":{"color":"CT_CSS_SKIP_RULEDEFAULT"},"hover":{"color":"CT_CSS_SKIP_RULEDEFAULT"}},"page_meta_button_type_background_colors":{"default":{"color":"CT_CSS_SKIP_RULEDEFAULT"},"hover":{"color":"CT_CSS_SKIP_RULEDEFAULT"}},"pageExcerptFont":{"family":"Default","variation":"Default","size":"CT_CSS_SKIP_RULE","line-height":"CT_CSS_SKIP_RULE","letter-spacing":"CT_CSS_SKIP_RULE","text-transform":"CT_CSS_SKIP_RULE","text-decoration":"CT_CSS_SKIP_RULE"},"pageExcerptColor":{"default":{"color":"CT_CSS_SKIP_RULEDEFAULT"}},"breadcrumbsFont":{"family":"Default","variation":"Default","size":"CT_CSS_SKIP_RULE","line-height":"CT_CSS_SKIP_RULE","letter-spacing":"CT_CSS_SKIP_RULE","text-transform":"CT_CSS_SKIP_RULE","text-decoration":"CT_CSS_SKIP_RULE"},"breadcrumbsFontColor":{"default":{"color":"CT_CSS_SKIP_RULEDEFAULT"},"initial":{"color":"CT_CSS_SKIP_RULEDEFAULT"},"hover":{"color":"CT_CSS_SKIP_RULEDEFAULT"}},"pageTitleOverlay":{"background_type":"color","background_pattern":"type-1","background_image":{"attachment_id":null,"x":0,"y":0},"gradient":"linear-gradient(135deg,rgba(6,147,227,1) 0%,rgb(155,81,224) 100%)","background_repeat":"repeat","background_size":"auto","background_attachment":"scroll","patternColor":{"default":{"color":"#e5e7ea"}},"overlayColor":{"default":{"color":"CT_CSS_SKIP_RULE"}},"backgroundColor":{"default":{"color":"CT_CSS_SKIP_RULE"}}},"pageTitleBackground":{"background_type":"color","background_pattern":"type-1","background_image":{"attachment_id":null,"x":0,"y":0},"gradient":"linear-gradient(135deg,rgba(6,147,227,1) 0%,rgb(155,81,224) 100%)","background_repeat":"repeat","background_size":"auto","background_attachment":"scroll","patternColor":{"default":{"color":"#e5e7ea"}},"overlayColor":{"default":{"color":"CT_CSS_SKIP_RULE"}},"backgroundColor":{"default":{"color":"var(--theme-palette-color-6)"}}},"pageTitlePadding":{"top":"50px","bottom":"50px","left":"auto","right":"auto","linked":true},"767a4f6c68612a4c226719a6cf6092ab":"","page_structure_type":"default","aec0a7f1cd371059255a2ed8ad653931":"","content_style_source":"inherit","content_style":"wide","vertical_spacing_source":"custom","content_area_spacing":"none","background":{"background_type":"color","background_pattern":"type-1","background_image":{"attachment_id":null,"x":0,"y":0},"gradient":"linear-gradient(135deg,rgba(6,147,227,1) 0%,rgb(155,81,224) 100%)","background_repeat":"repeat","background_size":"auto","background_attachment":"scroll","patternColor":{"default":{"color":"#e5e7ea"}},"overlayColor":{"default":{"color":"CT_CSS_SKIP_RULE"}},"backgroundColor":{"default":{"color":"CT_CSS_SKIP_RULE"}}},"content_background":{"background_type":"color","background_pattern":"type-1","background_image":{"attachment_id":null,"x":0,"y":0},"gradient":"linear-gradient(135deg,rgba(6,147,227,1) 0%,rgb(155,81,224) 100%)","background_repeat":"repeat","background_size":"auto","background_attachment":"scroll","patternColor":{"default":{"color":"#e5e7ea"}},"overlayColor":{"default":{"color":"CT_CSS_SKIP_RULE"}},"backgroundColor":{"default":{"color":"var(--theme-palette-color-8)"}}},"content_boxed_shadow":{"inherit":false,"blur":18,"spread":-6,"v_offset":12,"h_offset":0,"inset":false,"enable":true,"color":{"color":"rgba(34, 56, 101, 0.04)"}},"boxed_content_spacing":{"desktop":{"top":"40px","bottom":"40px","left":"40px","right":"40px","linked":true},"tablet":{"top":"35px","bottom":"35px","left":"35px","right":"35px","linked":true},"mobile":{"top":"20px","bottom":"20px","left":"20px","right":"20px","linked":true}},"content_boxed_radius":{"top":"3px","bottom":"3px","left":"3px","right":"3px","linked":true},"4fb4db25106c5d9189b4d1f3b1c8cc48":"","disable_featured_image":"no","disable_share_box":"no","disable_header":"no","disable_footer":"no"},"aioseo_notices":[],"featured_image_urls":{"full":"","thumbnail":"","medium":"","medium_large":"","large":"","1536x1536":"","2048x2048":""},"post_excerpt_stackable":"<p>Puppies EN Bella is expecting her first litter in January 2024. We don&#8217;t accept reservations before the puppies are born, but we do conduct interviews with potential buyer candidates. Our goal is to ensure that each puppy is matched with the right people based on their unique personalities and needs. We value families who can provide engaging activities and hobbies for their poodle. Whether it&#8217;s agility, obedience training, or simply interactive playtime, these intelligent dogs require activity and mental stimulation to stay healthy and content. In addition, we appreciate families with schedules that allow for plenty of quality time with&hellip;<\/p>\n","category_list":"","author_info":{"name":"bollbackaspoodles.com","url":"https:\/\/bollbackaspoodles.com\/index.php\/author\/bollbackaspoodles-com\/"},"comments_num":"0 comments","jetpack_sharing_enabled":true,"_links":{"self":[{"href":"https:\/\/bollbackaspoodles.com\/index.php\/wp-json\/wp\/v2\/pages\/678"}],"collection":[{"href":"https:\/\/bollbackaspoodles.com\/index.php\/wp-json\/wp\/v2\/pages"}],"about":[{"href":"https:\/\/bollbackaspoodles.com\/index.php\/wp-json\/wp\/v2\/types\/page"}],"author":[{"embeddable":true,"href":"https:\/\/bollbackaspoodles.com\/index.php\/wp-json\/wp\/v2\/users\/1"}],"replies":[{"embeddable":true,"href":"https:\/\/bollbackaspoodles.com\/index.php\/wp-json\/wp\/v2\/comments?post=678"}],"version-history":[{"count":12,"href":"https:\/\/bollbackaspoodles.com\/index.php\/wp-json\/wp\/v2\/pages\/678\/revisions"}],"predecessor-version":[{"id":1407,"href":"https:\/\/bollbackaspoodles.com\/index.php\/wp-json\/wp\/v2\/pages\/678\/revisions\/1407"}],"wp:attachment":[{"href":"https:\/\/bollbackaspoodles.com\/index.php\/wp-json\/wp\/v2\/media?parent=678"}],"curies":[{"name":"wp","href":"https:\/\/api.w.org\/{rel}","templated":true}]}}